 a multiple of 186?
False
Is 207 a factor of 43138800?
True
Is 10 a factor of 316279925?
False
Is 33725112 a multiple of 101?
True
Does 36 divide 27692136?
True
Is 120 a factor of 27184200?
True
Does 4431 divide 119016660?
True
Is 15 a factor of 43190190?
True
Does 1317 divide 39104969?
False
Does 6 divide 191945537?
False
Is 1138210150 a multiple of 33?
False
Is 566 a factor of 48694168?
False
Does 509 divide 585943341?
False
Does 36 divide 415817352?
True
Is 4225152400 a multiple of 635?
False
Does 16 divide 1498609628?
False
Does 1851 divide 404875090?
False
Does 794 divide 235309046?
True
Does 14 divide 3573225?
False
Does 2109 divide 873404388?
True
Is 600 a factor of 51412200?
True
Is 257 a factor of 102466928?
True
Is 1548 a factor of 19689012?
True
Is 22 a factor of 1009517320?
False
Is 617 a factor of 196723046?
True
Is 6 a factor of 249645244?
False
Is 2581030671 a multiple of 475?
False
Is 256 a factor of 3100876?
False
Is 39 a factor of 109646862?
True
Is 39 a factor of 1229626970?
False
Does 24 divide 1619260296?
True
Does 385 divide 125022055?
False
Is 9 a factor of 1002664221?
False
Is 16294099 a multiple of 1516?
False
Does 570 divide 151452567?
False
Is 70 a factor of 2007880?
True
Does 664 divide 14067504?
True
Does 10 divide 4702045250?
True
Does 90 divide 37173107?
False
Is 1449 a factor of 400250152?
False
Is 541348863 a multiple of 159?
False
Does 246 divide 1146303621?
False
Is 58 a factor of 35299120?
False
Is 6 a factor of 191001048?
True
Does 2125 divide 124219000?
True
Is 123379443 a multiple of 27?
True
Does 436 divide 93457371?
False
Is 11073 a factor of 1118417292?
True
Does 624 divide 68397105?
False
Is 19348451 a multiple of 285?
False
Is 19 a factor of 2091782?
False
Is 26833151 a multiple of 6?
False
Does 3 divide 97568793?
True
Is 107389447 a multiple of 43?
True
Is 64 a factor of 87800000?
True
Is 7143041568 a multiple of 167?
True
Is 829240376 a multiple of 10?
False
Is 1913222736 a multiple of 68?
False
Does 547 divide 32890563?
True
Is 27 a factor of 1133387883?
True
Is 1714 a factor of 24951462?
False
Is 15394921 a multiple of 38?
False
Is 186954764 a multiple of 3634?
True
Is 54 a factor of 19983799?
False
Does 12 divide 1020402481?
False
Is 499261152 a multiple of 1014?
True
Does 837 divide 1138466405?
False
Is 49 a factor of 120444026?
False
Does 49 divide 57100558?
False
Does 80 divide 199012880?
True
Is 4515472 a multiple of 26?
True
Does 14 divide 6588834?
True
Is 306 a factor of 4653277?
False
Is 38253263 a multiple of 5?
False
Is 29713777 a multiple of 577?
False
Does 58 divide 242649349?
False
Is 109 a factor of 11620381?
True
Does 121 divide 743422185?
True
Does 2946 divide 1911315428?
False
Is 74657500 a multiple of 50?
True
Is 2516784 a multiple of 12?
True
Is 30051439 a multiple of 11?
True
Is 1101141 even?
False
Does 35 divide 10152843?
False
Is 700 a factor of 42886900?
True
Does 1708 divide 45063872?
True
Does 166 divide 96822488?
True
Is 215197507 a multiple of 3151?
False
Does 2442 divide 14329656?
True
Does 15 divide 62066809?
False
Is 325662393 a multiple of 21?
True
Is 384246720 a multiple of 60?
True
Does 127 divide 12992481?
True
Is 603382481 a multiple of 403?
True
Is 170 a factor of 210518199?
False
Is 11040968 a multiple of 4?
True
Is 18695502 a multiple of 5?
False
Is 39842946 a multiple of 759?
True
Is 7865960 a multiple of 40?
True
Is 700875452 a multiple of 1406?
False
Does 4 divide 22791094?
False
Is 908046608 a multiple of 675?
False
Is 283523331 a multiple of 273?
True
Is 1021 a factor of 76287963?
False
Does 2068 divide 302449136?
True
Is 570 a factor of 441663958?
False
Is 237801618 a multiple of 838?
False
Does 16 divide 54542265?
False
Is 37205076 a multiple of 799?
False
Is 106120824 a multiple of 315?
False
Is 932 a factor of 105560184?
True
Does 23 divide 27978419?
True
Is 4 a factor of 3916968?
True
Does 429 divide 61609682?
False
Is 1129483414 a multiple of 4?
False
Is 12125352 a multiple of 4471?
True
Is 70 a factor of 4229470?
True
Does 33 divide 347731527?
True
Is 1497 a factor of 511557834?
True
Is 911997257 a multiple of 7?
False
Does 1256 divide 67322856?
True
Does 20 divide 5629040?
True
Is 405 a factor of 54638916?
False
Is 17 a factor of 144725532?
False
Is 7 a factor of 2563407497?
True
Is 17 a factor of 94354996?
False
Is 1962352 a multiple of 49?
True
Is 879 a factor of 48706633?
False
Does 792 divide 1514963736?
True
Is 173 a factor of 1638798308?
False
Does 127 divide 28809061?
True
Does 2530 divide 1088312149?
False
Is 29 a factor of 59124539?
False
Does 3 divide 6221403?
True
Does 517 divide 295609474?
False
Is 1560386 a multiple of 73?
False
Is 51047718 a multiple of 114?
True
Is 379 a factor of 34069646?
False
Does 1951 divide 58639256?
True
Is 32 a factor of 63112864?
True
Is 46670342 a multiple of 286?
False
Is 59858862 a multiple of 959?
True
Is 118144548 a multiple of 404?
True
Is 6 a factor of 422120?
False
Is 339011501 a multiple of 17?
True
Is 234911916 a multiple of 5202?
True
Is 55507860 a multiple of 1017?
True
Is 135432677 a multiple of 7?
False
Is 9 a factor of 123358441?
False
Is 8388 a factor of 620913312?
True
Does 851 divide 65313399?
True
Is 9433 a factor of 5375824470?
False
Is 57824622 a multiple of 2127?
True
Is 148 a factor of 179030716?
True
Does 3977 divide 210571131?
False
Is 123279290 a multiple of 145?
True
Is 10 a factor of 680386900?
True
Is 33254292 a multiple of 2?
True
Does 50 divide 71656400?
True
Does 511 divide 3147599035?
True
Does 3233 divide 3010760347?
True
Is 162 a factor of 261186713?
False
Is 129379759 a multiple of 551?
True
Does 36 divide 10440314?
False
Is 553 a factor of 97843949?
True
Is 5 a factor of 110389620?
True
Is 510811094 a multiple of 6187?
True
Is 914 a factor of 94925828?
False
Is 106 a factor of 148098183?
False
Is 18139983 a multiple of 601?
True
Is 215 a factor of 9234904?
False
Is 94 a factor of 8000505?
False
Is 265 a factor of 147930950?
True
Is 4 a factor of 77412023?
False
Is 137 a factor of 163116084?
False
Is 2271507018 a multiple of 22?
True
Is 23789983 a multiple of 211?
False
Does 12 divide 652127712?
True
Is 181285287 a multiple of 715?
False
Is 523 a factor of 15984972?
True
Does 653 divide 49254484?
True
Is 15610023 a multiple of 99?
True
Is 1305300 a multiple of 100?
True
Is 528158518 a multiple of 236?
False
Is 18 a factor of 65808468?
True
Is 47 a factor of 4252375841?
False
Does 2 divide 273349266?
True
Is 374 a factor of 23954700?
True
Is 802963550 a multiple of 17?
True
Does 7063 divide 1916820507?
True
Does 69 divide 37040419?
False
Does 85 divide 314924789?
False
Is 458313989 a multiple of 51?
False
Does 281 divide 29758583?
False
Does 172 divide 108718792?
True
Is 650743962 a multiple of 281?
False
Does 176 divide 1728144?
True
Does 2248 divide 106846907?
False
Is 170 a factor of 221710940?
True
Is 93470503 a multiple of 400?
False
Is 427 a factor of 142239985?
False
Does 924 divide 26020764?
True
Is 733055335 a multiple of 5?
True
Does 350 divide 75127500?
True
Is 25103104 a multiple of 16?
True
Is 507 a factor of 4760342?
False
Is 412 a factor of 275676255?
False
Is 841042 a multiple of 10?
False
Is 8 a factor of 76765110?
False
Is 42 a factor of 1075103778?
True
Is 13818913 a multiple of 20?
False
Does 1070 divide 1663940022?
False
Does 21 divide 246410325?
True
Is 658246904 a multiple of 8?
True
Does 46 divide 163420045?
False
Does 8 divide 37956489?
False
Does 51 divide 38685139?
False
Does 5 divide 34068978?
False
Does 9 divide 1893695?
False
Is 1453469976 a multiple of 4296?
True
Is 320750286 a multiple of 118?
False
Does 375 divide 6129417?
False
Is 95772500 a multiple of 100?
True
Is 20621900 a multiple of 725?
True
Is 5 a factor of 10485474?
False
Does 13 divide 1270999847?
True
Is 153 a factor of 167540814?
True
Is 216131756 a multiple of 41?
False
Does 9 divide 75299940?
True
Is 58694550 a multiple of 11?
False
Does 4 divide 3865519?
False
Is 644 a factor of 242264428?
True
Is 59954569 a multiple of 3749?
False
Is 139049855 a multiple of 613?
True
Is 660 a factor of 88636203?
False
Is 86723167 a multiple of 1118?
False
Is 2625881944 a multiple of 7644?
False
Is 29 a factor of 1678057595?
True
Is 9916150 a multiple of 162?
False
Does 1603 divide 171